{"id":5170,"date":"2022-04-07T17:50:28","date_gmt":"2022-04-07T15:50:28","guid":{"rendered":"https:\/\/catholiques17.fr\/archiac\/?post_type=tribe_events&#038;p=5170"},"modified":"2022-04-07T17:50:28","modified_gmt":"2022-04-07T15:50:28","slug":"chemin-de-croix-a-celles","status":"publish","type":"tribe_events","link":"https:\/\/catholiques17.fr\/archiac\/event\/chemin-de-croix-a-celles\/","title":{"rendered":"Chemin de Croix \u00e0 Celles"},"content":{"rendered":"<p>Organis\u00e9 par la Paroisse de la Petite Champagne et l&rsquo;Aum\u00f4nerie Catholique C D de B\u00e9denac<\/p>\n<p>Rendez-vous \u00e0 15 heures Place de la Mairie \u00e0 Celles<\/p>\n","protected":false},"excerpt":{"rendered":"<p>Organis\u00e9 par la Paroisse de la Petite Champagne et l&rsquo;Aum\u00f4nerie Catholique C D de B\u00e9denac Rendez-vous \u00e0 15 heures Place de la Mairie \u00e0 Celles<\/p>\n","protected":false},"author":39,"featured_media":0,"template":"","meta":{"_et_pb_use_builder":"","_et_pb_old_content":"","_et_gb_content_width":"","_tribe_events_status":"","_tribe_events_status_reason":"","footnotes":""},"tags":[],"tribe_events_cat":[],"class_list":["post-5170","tribe_events","type-tribe_events","status-publish","hentry"],"_links":{"self":[{"href":"https:\/\/catholiques17.fr\/archiac\/wp-json\/wp\/v2\/tribe_events\/5170","targetHints":{"allow":["GET"]}}],"collection":[{"href":"https:\/\/catholiques17.fr\/archiac\/wp-json\/wp\/v2\/tribe_events"}],"about":[{"href":"https:\/\/catholiques17.fr\/archiac\/wp-json\/wp\/v2\/types\/tribe_events"}],"author":[{"embeddable":true,"href":"https:\/\/catholiques17.fr\/archiac\/wp-json\/wp\/v2\/users\/39"}],"version-history":[{"count":2,"href":"https:\/\/catholiques17.fr\/archiac\/wp-json\/wp\/v2\/tribe_events\/5170\/revisions"}],"predecessor-version":[{"id":5172,"href":"https:\/\/catholiques17.fr\/archiac\/wp-json\/wp\/v2\/tribe_events\/5170\/revisions\/5172"}],"wp:attachment":[{"href":"https:\/\/catholiques17.fr\/archiac\/wp-json\/wp\/v2\/media?parent=5170"}],"wp:term":[{"taxonomy":"post_tag","embeddable":true,"href":"https:\/\/catholiques17.fr\/archiac\/wp-json\/wp\/v2\/tags?post=5170"},{"taxonomy":"tribe_events_cat","embeddable":true,"href":"https:\/\/catholiques17.fr\/archiac\/wp-json\/wp\/v2\/tribe_events_cat?post=5170"}],"curies":[{"name":"wp","href":"https:\/\/api.w.org\/{rel}","templated":true}]}}

Chemin de Croix à Celles

<p>Organisé par la Paroisse de la Petite Champagne et l&rsquo;Aumônerie Catholique C D de Bédenac</p>
<p>Rendez-vous à 15 heures Place de la Mairie à Celles</p>

<p>Organisé par la Paroisse de la Petite Champagne et l&rsquo;Aumônerie Catholique C D de Bédenac Rendez-vous à 15 heures Place de la Mairie à Celles</p>
