{"id":5497,"date":"2022-05-30T15:04:11","date_gmt":"2022-05-30T13:04:11","guid":{"rendered":"https:\/\/catholiques17.fr\/archiac\/?page_id=5497"},"modified":"2022-08-04T17:06:08","modified_gmt":"2022-08-04T15:06:08","slug":"cierzac","status":"publish","type":"page","link":"https:\/\/catholiques17.fr\/archiac\/la-paroisse\/presentation-de-la-paroisse\/cierzac\/","title":{"rendered":"Cierzac"},"content":{"rendered":"\n<div style=\"height:16px\" aria-hidden=\"true\" class=\"wp-block-spacer\"><\/div>\n\n\n\n<div class=\"wp-block-columns is-layout-flex wp-container-core-columns-is-layout-9d6595d7 wp-block-columns-is-layout-flex\">\n<div class=\"wp-block-column is-layout-flow wp-block-column-is-layout-flow\">\n<figure class=\"wp-block-gallery has-nested-images columns-default is-cropped wp-block-gallery-1 is-layout-flex wp-block-gallery-is-layout-flex\">\n<figure class=\"wp-block-image size-large\"><img loading=\"lazy\" decoding=\"async\" width=\"333\" height=\"222\" data-id=\"5749\" src=\"https:\/\/catholiques17.fr\/archiac\/wp-content\/uploads\/sites\/26\/2022\/08\/Cierzac2-1.jpg\" alt=\"\" class=\"wp-image-5749\" srcset=\"https:\/\/catholiques17.fr\/archiac\/wp-content\/uploads\/sites\/26\/2022\/08\/Cierzac2-1.jpg 333w, https:\/\/catholiques17.fr\/archiac\/wp-content\/uploads\/sites\/26\/2022\/08\/Cierzac2-1-300x200.jpg 300w\" sizes=\"(max-width: 333px) 100vw, 333px\" \/><\/figure>\n<\/figure>\n<\/div>\n\n\n\n<div class=\"wp-block-column is-layout-flow wp-block-column-is-layout-flow\">\n<figure class=\"wp-block-image size-full\"><img loading=\"lazy\" decoding=\"async\" width=\"500\" height=\"333\" src=\"https:\/\/catholiques17.fr\/archiac\/wp-content\/uploads\/sites\/26\/2022\/08\/Cierzac1-1.jpg\" alt=\"\" class=\"wp-image-5750\" srcset=\"https:\/\/catholiques17.fr\/archiac\/wp-content\/uploads\/sites\/26\/2022\/08\/Cierzac1-1.jpg 500w, https:\/\/catholiques17.fr\/archiac\/wp-content\/uploads\/sites\/26\/2022\/08\/Cierzac1-1-480x320.jpg 480w\" sizes=\"(min-width: 0px) and (max-width: 480px) 480px, (min-width: 481px) 500px, 100vw\" \/><\/figure>\n<\/div>\n\n\n\n<div class=\"wp-block-column is-layout-flow wp-block-column-is-layout-flow\">\n<figure class=\"wp-block-image size-full\"><img loading=\"lazy\" decoding=\"async\" width=\"333\" height=\"222\" src=\"https:\/\/catholiques17.fr\/archiac\/wp-content\/uploads\/sites\/26\/2022\/08\/Cierzac3-1.jpg\" alt=\"\" class=\"wp-image-5751\" srcset=\"https:\/\/catholiques17.fr\/archiac\/wp-content\/uploads\/sites\/26\/2022\/08\/Cierzac3-1.jpg 333w, https:\/\/catholiques17.fr\/archiac\/wp-content\/uploads\/sites\/26\/2022\/08\/Cierzac3-1-300x200.jpg 300w\" sizes=\"(max-width: 333px) 100vw, 333px\" \/><\/figure>\n<\/div>\n<\/div>\n\n\n\n<div style=\"height:14px\" aria-hidden=\"true\" class=\"wp-block-spacer\"><\/div>\n\n\n\n<p class=\"has-text-align-center\"><strong>Eglise Notre-Dame de Cierzac<\/strong><\/p>\n\n\n\n<p>Situ\u00e9e an limite du village, cette \u00e9glise du XIIe si\u00e8cle tr\u00e8s reconstruite a gard\u00e9 de ses origines sa fa\u00e7ade et quelques baies lat\u00e9rales ;<\/p>\n\n\n\n<p>La fa\u00e7ade est d\u2019un type roman saintongeais simple: un registre bas \u00e0 une seule baie forme un portail tr\u00e8s enterr\u00e9 \u00e0 quatre archivoltes simples amorties en tore.<\/p>\n\n\n\n<p>Le cordon ext\u00e9rieur travaill\u00e9 en pointes de diamant limite l\u2019ensemble. Au dessus, une corniche orn\u00e9e d\u2019\u00e9toiles s\u2019appuie sur des mordillons. Une arcature \u00e0 cinq cintres s\u00e9par\u00e9s par des pilastres est en partie masqu\u00e9e par les deux contreforts d\u2019angle. L\u2019arc central est perc\u00e9 d\u2019une baie.<\/p>\n\n\n\n<p>Le tout est surmont\u00e9 d\u2019un pignon et d\u2019une baie campanile s\u2019appuyant sur une corniche \u00e0 consoles.<\/p>\n\n\n\n<p>L\u2019int\u00e9rieur tr\u00e8s refait montre des vestiges de plusieurs \u00e9poques comme une colonne romane avec son chapiteau martel\u00e9 ou bien encore des d\u00e9parts de nervures au sommet des murs.<\/p>\n\n\n\n<p>Un arc triomphal reposant sur des colonnes adoss\u00e9es \u00e0 chapiteaux sculpt\u00e9s subsiste en avant du c\u0153ur.<\/p>\n\n\n\n<p>Comme la nef, la pr\u00e9sence d\u2019arcs formerets indique que le c\u0153ur carr\u00e9 \u00e9tait vo\u00fbt\u00e9 en ogives. Il reste des colonnes engag\u00e9es avec des chapiteaux \u00e0 feuillages. Trois longues fen\u00eatres en plein cintre orn\u00e9es de gros tores \u00e9clairent le chevet.<\/p>\n\n\n\n<p>Objets mobiliers:<\/p>\n\n\n\n<p>&nbsp;&nbsp;&nbsp;&nbsp;&nbsp;&nbsp;&nbsp;&nbsp;&nbsp;&nbsp;&nbsp; *&nbsp; Cloche en bronze fondue par Coutois en 1753.<\/p>\n\n\n\n<p>&nbsp;&nbsp;&nbsp;&nbsp;&nbsp;&nbsp;&nbsp;&nbsp;&nbsp;&nbsp;&nbsp; *&nbsp; Commode style Louis XV rustique en bois sculpt\u00e9.<\/p>\n\n\n\n<p>&nbsp;&nbsp;&nbsp;&nbsp;&nbsp;&nbsp;&nbsp;&nbsp;&nbsp;&nbsp;&nbsp; *&nbsp; Autel tabernacle en bois peint.<\/p>\n\n\n\n<p>&nbsp;&nbsp;&nbsp;&nbsp;&nbsp;&nbsp;&nbsp;&nbsp;&nbsp;&nbsp;&nbsp; *&nbsp; Vierge en bois peint.<\/p>\n","protected":false},"excerpt":{"rendered":"<p>Eglise Notre-Dame de Cierzac Situ\u00e9e an limite du village, cette \u00e9glise du XIIe si\u00e8cle tr\u00e8s reconstruite a gard\u00e9 de ses origines sa fa\u00e7ade et quelques baies lat\u00e9rales ; La fa\u00e7ade [&hellip;]<\/p>\n","protected":false},"author":39,"featured_media":5500,"parent":5001,"menu_order":0,"comment_status":"closed","ping_status":"closed","template":"","meta":{"_et_pb_use_builder":"off","_et_pb_old_content":"","_et_gb_content_width":"","footnotes":""},"class_list":["post-5497","page","type-page","status-publish","has-post-thumbnail","hentry"],"_links":{"self":[{"href":"https:\/\/catholiques17.fr\/archiac\/wp-json\/wp\/v2\/pages\/5497","targetHints":{"allow":["GET"]}}],"collection":[{"href":"https:\/\/catholiques17.fr\/archiac\/wp-json\/wp\/v2\/pages"}],"about":[{"href":"https:\/\/catholiques17.fr\/archiac\/wp-json\/wp\/v2\/types\/page"}],"author":[{"embeddable":true,"href":"https:\/\/catholiques17.fr\/archiac\/wp-json\/wp\/v2\/users\/39"}],"replies":[{"embeddable":true,"href":"https:\/\/catholiques17.fr\/archiac\/wp-json\/wp\/v2\/comments?post=5497"}],"version-history":[{"count":8,"href":"https:\/\/catholiques17.fr\/archiac\/wp-json\/wp\/v2\/pages\/5497\/revisions"}],"predecessor-version":[{"id":5796,"href":"https:\/\/catholiques17.fr\/archiac\/wp-json\/wp\/v2\/pages\/5497\/revisions\/5796"}],"up":[{"embeddable":true,"href":"https:\/\/catholiques17.fr\/archiac\/wp-json\/wp\/v2\/pages\/5001"}],"wp:featuredmedia":[{"embeddable":true,"href":"https:\/\/catholiques17.fr\/archiac\/wp-json\/wp\/v2\/media\/5500"}],"wp:attachment":[{"href":"https:\/\/catholiques17.fr\/archiac\/wp-json\/wp\/v2\/media?parent=5497"}],"curies":[{"name":"wp","href":"https:\/\/api.w.org\/{rel}","templated":true}]}}

<div style="height:16px" aria-hidden="true" class="wp-block-spacer"></div>



<div class="wp-block-columns is-layout-flex wp-container-core-columns-is-layout-9d6595d7 wp-block-columns-is-layout-flex">
<div class="wp-block-column is-layout-flow wp-block-column-is-layout-flow">
<figure class="wp-block-gallery has-nested-images columns-default is-cropped wp-block-gallery-1 is-layout-flex wp-block-gallery-is-layout-flex">
<figure class="wp-block-image size-large"><img loading="lazy" decoding="async" width="333" height="222" data-id="5749" src="https://catholiques17.fr/archiac/wp-content/uploads/sites/26/2022/08/Cierzac2-1.jpg" alt="" class="wp-image-5749" srcset="https://catholiques17.fr/archiac/wp-content/uploads/sites/26/2022/08/Cierzac2-1.jpg 333w, https://catholiques17.fr/archiac/wp-content/uploads/sites/26/2022/08/Cierzac2-1-300x200.jpg 300w" sizes="(max-width: 333px) 100vw, 333px" /></figure>
</figure>
</div>



<div class="wp-block-column is-layout-flow wp-block-column-is-layout-flow">
<figure class="wp-block-image size-full"><img loading="lazy" decoding="async" width="500" height="333" src="https://catholiques17.fr/archiac/wp-content/uploads/sites/26/2022/08/Cierzac1-1.jpg" alt="" class="wp-image-5750" srcset="https://catholiques17.fr/archiac/wp-content/uploads/sites/26/2022/08/Cierzac1-1.jpg 500w, https://catholiques17.fr/archiac/wp-content/uploads/sites/26/2022/08/Cierzac1-1-480x320.jpg 480w" sizes="(min-width: 0px) and (max-width: 480px) 480px, (min-width: 481px) 500px, 100vw" /></figure>
</div>



<div class="wp-block-column is-layout-flow wp-block-column-is-layout-flow">
<figure class="wp-block-image size-full"><img loading="lazy" decoding="async" width="333" height="222" src="https://catholiques17.fr/archiac/wp-content/uploads/sites/26/2022/08/Cierzac3-1.jpg" alt="" class="wp-image-5751" srcset="https://catholiques17.fr/archiac/wp-content/uploads/sites/26/2022/08/Cierzac3-1.jpg 333w, https://catholiques17.fr/archiac/wp-content/uploads/sites/26/2022/08/Cierzac3-1-300x200.jpg 300w" sizes="(max-width: 333px) 100vw, 333px" /></figure>
</div>
</div>



<div style="height:14px" aria-hidden="true" class="wp-block-spacer"></div>



<p class="has-text-align-center"><strong>Eglise Notre-Dame de Cierzac</strong></p>



<p>Située an limite du village, cette église du XIIe siècle très reconstruite a gardé de ses origines sa façade et quelques baies latérales ;</p>



<p>La façade est d’un type roman saintongeais simple: un registre bas à une seule baie forme un portail très enterré à quatre archivoltes simples amorties en tore.</p>



<p>Le cordon extérieur travaillé en pointes de diamant limite l’ensemble. Au dessus, une corniche ornée d’étoiles s’appuie sur des mordillons. Une arcature à cinq cintres séparés par des pilastres est en partie masquée par les deux contreforts d’angle. L’arc central est percé d’une baie.</p>



<p>Le tout est surmonté d’un pignon et d’une baie campanile s’appuyant sur une corniche à consoles.</p>



<p>L’intérieur très refait montre des vestiges de plusieurs époques comme une colonne romane avec son chapiteau martelé ou bien encore des départs de nervures au sommet des murs.</p>



<p>Un arc triomphal reposant sur des colonnes adossées à chapiteaux sculptés subsiste en avant du cœur.</p>



<p>Comme la nef, la présence d’arcs formerets indique que le cœur carré était voûté en ogives. Il reste des colonnes engagées avec des chapiteaux à feuillages. Trois longues fenêtres en plein cintre ornées de gros tores éclairent le chevet.</p>



<p>Objets mobiliers:</p>



<p>&nbsp;&nbsp;&nbsp;&nbsp;&nbsp;&nbsp;&nbsp;&nbsp;&nbsp;&nbsp;&nbsp; *&nbsp; Cloche en bronze fondue par Coutois en 1753.</p>



<p>&nbsp;&nbsp;&nbsp;&nbsp;&nbsp;&nbsp;&nbsp;&nbsp;&nbsp;&nbsp;&nbsp; *&nbsp; Commode style Louis XV rustique en bois sculpté.</p>



<p>&nbsp;&nbsp;&nbsp;&nbsp;&nbsp;&nbsp;&nbsp;&nbsp;&nbsp;&nbsp;&nbsp; *&nbsp; Autel tabernacle en bois peint.</p>



<p>&nbsp;&nbsp;&nbsp;&nbsp;&nbsp;&nbsp;&nbsp;&nbsp;&nbsp;&nbsp;&nbsp; *&nbsp; Vierge en bois peint.</p>

<p>Eglise Notre-Dame de Cierzac Située an limite du village, cette église du XIIe siècle très reconstruite a gardé de ses origines sa façade et quelques baies latérales ; La façade [&hellip;]</p>
