{"id":5425,"date":"2022-05-21T19:46:35","date_gmt":"2022-05-21T17:46:35","guid":{"rendered":"https:\/\/catholiques17.fr\/archiac\/?page_id=5425"},"modified":"2022-05-30T18:11:38","modified_gmt":"2022-05-30T16:11:38","slug":"germignac-eglise-saint-pierre","status":"publish","type":"page","link":"https:\/\/catholiques17.fr\/archiac\/la-paroisse\/presentation-de-la-paroisse\/germignac-eglise-saint-pierre\/","title":{"rendered":"Germignac  &#8211;  Eglise Saint Pierre"},"content":{"rendered":"\n<div class=\"wp-block-image is-style-default\"><figure class=\"aligncenter size-full\"><img loading=\"lazy\" decoding=\"async\" width=\"800\" height=\"534\" src=\"https:\/\/catholiques17.fr\/archiac\/wp-content\/uploads\/sites\/26\/2022\/05\/Germignac.jpg\" alt=\"\" class=\"wp-image-5426\" srcset=\"https:\/\/catholiques17.fr\/archiac\/wp-content\/uploads\/sites\/26\/2022\/05\/Germignac.jpg 800w, https:\/\/catholiques17.fr\/archiac\/wp-content\/uploads\/sites\/26\/2022\/05\/Germignac-480x320.jpg 480w\" sizes=\"(min-width: 0px) and (max-width: 480px) 480px, (min-width: 481px) 800px, 100vw\" \/><\/figure><\/div>\n\n\n\n<div style=\"height:8px\" aria-hidden=\"true\" class=\"wp-block-spacer\"><\/div>\n\n\n\n<p>Construite aux XIIe et XIIIe si\u00e8cles, l\u2019\u00e9glise de Germignac a \u00e9t\u00e9 restaur\u00e9e et agrandie aux XVe et XVIe si\u00e8cles.<\/p>\n\n\n\n<p>Sa fa\u00e7ade est encadr\u00e9e par deux gros contreforts d\u2019angle dont les talus rappellent le mode de construction des fortifications.<\/p>\n\n\n\n<p>Le portail en tiers-point \u00e0 trois voussures du XIIIe si\u00e8cle est orn\u00e9 de gorges et de tores. Celle du milieu est garnie de quatre personnages sous un dais foulant des animaux sous leurs pieds. Sur le claveau central de l\u2019arc, Dieu pr\u00e9sente l\u2019hostie. Au dessus trois mordillons \u00e0 portraits, une fen\u00eatre tr\u00e9fl\u00e9e et une inscription de 1881 d\u00e9corent le pignon.<\/p>\n\n\n\n<p>Les murs lat\u00e9raux, \u00e9tay\u00e9s de gros contreforts, sont termin\u00e9s par une ligne de mordillons peu travaill\u00e9s ; l\u2019un d\u2019eux porte la date de 1618. Des vestiges d\u2019une petite porte renaissance se voient encore sur le mur sud. Sur le mur nord, une porte seigneuriale est orn\u00e9e d\u2019un gros cordon \u00e0 feuilles de lierre.<\/p>\n\n\n\n<p>Le clocher carr\u00e9 aux angles abattus est renforc\u00e9 sur chaque face par trois colonnes \u00e0 chapiteaux encadrant deux fen\u00eatres \u00e0 un meneau. Une corniche \u00e0 mordillons souligne un toit presque plat. Construit \u00e0 la base du clocher, un caveau du XVIe si\u00e8cle est orn\u00e9 de grands \u00e9cussons \u00e0 fort relief.<\/p>\n\n\n\n<p>L\u2019int\u00e9rieur est couvert d\u2019une vo\u00fbte en moellons sur crois\u00e9e d\u2019ogives. Les nervures reposent sur des groupes de fines colonnes \u00e0 chapiteaux orn\u00e9s de feuillages.<\/p>\n\n\n\n<p>Deux hautes baies en tiers-point donnent acc\u00e8s aux chapelles lat\u00e9rales \u00e9clair\u00e9es par de fen\u00eatres ogivales.<\/p>\n\n\n\n<p>Le c\u0153ur porte le clocher. Il a conserv\u00e9 ses colonnes et ses chapiteaux du XIIe si\u00e8cle dont certains sont charg\u00e9s de feuillages, d\u2019\u00e9toiles et, sur le pilastre sud, on distingue un personnage dans la gueule d\u2019un animal.<\/p>\n","protected":false},"excerpt":{"rendered":"<p>Construite aux XIIe et XIIIe si\u00e8cles, l\u2019\u00e9glise de Germignac a \u00e9t\u00e9 restaur\u00e9e et agrandie aux XVe et XVIe si\u00e8cles. Sa fa\u00e7ade est encadr\u00e9e par deux gros contreforts d\u2019angle dont les [&hellip;]<\/p>\n","protected":false},"author":39,"featured_media":0,"parent":5001,"menu_order":0,"comment_status":"closed","ping_status":"closed","template":"","meta":{"_et_pb_use_builder":"off","_et_pb_old_content":"<!-- wp:image {\"align\":\"center\",\"id\":5426,\"sizeSlug\":\"full\",\"linkDestination\":\"none\",\"className\":\"is-style-rounded\"} -->\n<div class=\"wp-block-image is-style-rounded\"><figure class=\"aligncenter size-full\"><img src=\"https:\/\/catholiques17.fr\/archiac\/wp-content\/uploads\/sites\/26\/2022\/05\/Germignac.jpg\" alt=\"\" class=\"wp-image-5426\"\/><\/figure><\/div>\n<!-- \/wp:image -->\n\n<!-- wp:spacer {\"height\":8} -->\n<div style=\"height:8px\" aria-hidden=\"true\" class=\"wp-block-spacer\"><\/div>\n<!-- \/wp:spacer -->\n\n<!-- wp:paragraph -->\n<p>Construite aux XIIe et XIIIe si\u00e8cles, l\u2019\u00e9glise de Germignac a \u00e9t\u00e9 restaur\u00e9e et agrandie aux XVe et XVIe si\u00e8cles.<\/p>\n<!-- \/wp:paragraph -->\n\n<!-- wp:paragraph -->\n<p>Sa fa\u00e7ade est encadr\u00e9e par deux gros contreforts d\u2019angle dont les talus rappellent le mode de construction des fortifications.<\/p>\n<!-- \/wp:paragraph -->\n\n<!-- wp:paragraph -->\n<p>Le portail en tiers-point \u00e0 trois voussures du XIIIe si\u00e8cle est orn\u00e9 de gorges et de tores. Celle du milieu est garnie de quatre personnages sous un dais foulant des animaux sous leurs pieds. Sur le claveau central de l\u2019arc, Dieu pr\u00e9sente l\u2019hostie. Au dessus trois mordillons \u00e0 portraits, une fen\u00eatre tr\u00e9fl\u00e9e et une inscription de 1881 d\u00e9corent le pignon.<\/p>\n<!-- \/wp:paragraph -->\n\n<!-- wp:paragraph -->\n<p>Les murs lat\u00e9raux, \u00e9tay\u00e9s de gros contreforts, sont termin\u00e9s par une ligne de mordillons peu travaill\u00e9s ; l\u2019un d\u2019eux porte la date de 1618. Des vestiges d\u2019une petite porte renaissance se voient encore sur le mur sud. Sur le mur nord, une porte seigneuriale est orn\u00e9e d\u2019un gros cordon \u00e0 feuilles de lierre.<\/p>\n<!-- \/wp:paragraph -->\n\n<!-- wp:paragraph -->\n<p>Le clocher carr\u00e9 aux angles abattus est renforc\u00e9 sur chaque face par trois colonnes \u00e0 chapiteaux encadrant deux fen\u00eatres \u00e0 un meneau. Une corniche \u00e0 mordillons souligne un toit presque plat. Construit \u00e0 la base du clocher, un caveau du XVIe si\u00e8cle est orn\u00e9 de grands \u00e9cussons \u00e0 fort relief.<\/p>\n<!-- \/wp:paragraph -->\n\n<!-- wp:paragraph -->\n<p>L\u2019int\u00e9rieur est couvert d\u2019une vo\u00fbte en moellons sur crois\u00e9e d\u2019ogives. Les nervures reposent sur des groupes de fines colonnes \u00e0 chapiteaux orn\u00e9s de feuillages.<\/p>\n<!-- \/wp:paragraph -->\n\n<!-- wp:paragraph -->\n<p>Deux hautes baies en tiers-point donnent acc\u00e8s aux chapelles lat\u00e9rales \u00e9clair\u00e9es par de fen\u00eatres ogivales.<\/p>\n<!-- \/wp:paragraph -->\n\n<!-- wp:paragraph -->\n<p>Le c\u0153ur porte le clocher. Il a conserv\u00e9 ses colonnes et ses chapiteaux du XIIe si\u00e8cle dont certains sont charg\u00e9s de feuillages, d\u2019\u00e9toiles et, sur le pilastre sud, on distingue un personnage dans la gueule d\u2019un animal.<\/p>\n<!-- \/wp:paragraph -->","_et_gb_content_width":"","footnotes":""},"class_list":["post-5425","page","type-page","status-publish","hentry"],"_links":{"self":[{"href":"https:\/\/catholiques17.fr\/archiac\/wp-json\/wp\/v2\/pages\/5425","targetHints":{"allow":["GET"]}}],"collection":[{"href":"https:\/\/catholiques17.fr\/archiac\/wp-json\/wp\/v2\/pages"}],"about":[{"href":"https:\/\/catholiques17.fr\/archiac\/wp-json\/wp\/v2\/types\/page"}],"author":[{"embeddable":true,"href":"https:\/\/catholiques17.fr\/archiac\/wp-json\/wp\/v2\/users\/39"}],"replies":[{"embeddable":true,"href":"https:\/\/catholiques17.fr\/archiac\/wp-json\/wp\/v2\/comments?post=5425"}],"version-history":[{"count":9,"href":"https:\/\/catholiques17.fr\/archiac\/wp-json\/wp\/v2\/pages\/5425\/revisions"}],"predecessor-version":[{"id":5542,"href":"https:\/\/catholiques17.fr\/archiac\/wp-json\/wp\/v2\/pages\/5425\/revisions\/5542"}],"up":[{"embeddable":true,"href":"https:\/\/catholiques17.fr\/archiac\/wp-json\/wp\/v2\/pages\/5001"}],"wp:attachment":[{"href":"https:\/\/catholiques17.fr\/archiac\/wp-json\/wp\/v2\/media?parent=5425"}],"curies":[{"name":"wp","href":"https:\/\/api.w.org\/{rel}","templated":true}]}}

<div class="wp-block-image is-style-default"><figure class="aligncenter size-full"><img loading="lazy" decoding="async" width="800" height="534" src="https://catholiques17.fr/archiac/wp-content/uploads/sites/26/2022/05/Germignac.jpg" alt="" class="wp-image-5426" srcset="https://catholiques17.fr/archiac/wp-content/uploads/sites/26/2022/05/Germignac.jpg 800w, https://catholiques17.fr/archiac/wp-content/uploads/sites/26/2022/05/Germignac-480x320.jpg 480w" sizes="(min-width: 0px) and (max-width: 480px) 480px, (min-width: 481px) 800px, 100vw" /></figure></div>



<div style="height:8px" aria-hidden="true" class="wp-block-spacer"></div>



<p>Construite aux XIIe et XIIIe siècles, l’église de Germignac a été restaurée et agrandie aux XVe et XVIe siècles.</p>



<p>Sa façade est encadrée par deux gros contreforts d’angle dont les talus rappellent le mode de construction des fortifications.</p>



<p>Le portail en tiers-point à trois voussures du XIIIe siècle est orné de gorges et de tores. Celle du milieu est garnie de quatre personnages sous un dais foulant des animaux sous leurs pieds. Sur le claveau central de l’arc, Dieu présente l’hostie. Au dessus trois mordillons à portraits, une fenêtre tréflée et une inscription de 1881 décorent le pignon.</p>



<p>Les murs latéraux, étayés de gros contreforts, sont terminés par une ligne de mordillons peu travaillés ; l’un d’eux porte la date de 1618. Des vestiges d’une petite porte renaissance se voient encore sur le mur sud. Sur le mur nord, une porte seigneuriale est ornée d’un gros cordon à feuilles de lierre.</p>



<p>Le clocher carré aux angles abattus est renforcé sur chaque face par trois colonnes à chapiteaux encadrant deux fenêtres à un meneau. Une corniche à mordillons souligne un toit presque plat. Construit à la base du clocher, un caveau du XVIe siècle est orné de grands écussons à fort relief.</p>



<p>L’intérieur est couvert d’une voûte en moellons sur croisée d’ogives. Les nervures reposent sur des groupes de fines colonnes à chapiteaux ornés de feuillages.</p>



<p>Deux hautes baies en tiers-point donnent accès aux chapelles latérales éclairées par de fenêtres ogivales.</p>



<p>Le cœur porte le clocher. Il a conservé ses colonnes et ses chapiteaux du XIIe siècle dont certains sont chargés de feuillages, d’étoiles et, sur le pilastre sud, on distingue un personnage dans la gueule d’un animal.</p>

<p>Construite aux XIIe et XIIIe siècles, l’église de Germignac a été restaurée et agrandie aux XVe et XVIe siècles. Sa façade est encadrée par deux gros contreforts d’angle dont les [&hellip;]</p>

<!-- wp:image {"align":"center","id":5426,"sizeSlug":"full","linkDestination":"none","className":"is-style-rounded"} -->
<div class="wp-block-image is-style-rounded"><figure class="aligncenter size-full"><img src="https://catholiques17.fr/archiac/wp-content/uploads/sites/26/2022/05/Germignac.jpg" alt="" class="wp-image-5426"/></figure></div>
<!-- /wp:image -->

<!-- wp:spacer {"height":8} -->
<div style="height:8px" aria-hidden="true" class="wp-block-spacer"></div>
<!-- /wp:spacer -->

<!-- wp:paragraph -->
<p>Construite aux XIIe et XIIIe siècles, l’église de Germignac a été restaurée et agrandie aux XVe et XVIe siècles.</p>
<!-- /wp:paragraph -->

<!-- wp:paragraph -->
<p>Sa façade est encadrée par deux gros contreforts d’angle dont les talus rappellent le mode de construction des fortifications.</p>
<!-- /wp:paragraph -->

<!-- wp:paragraph -->
<p>Le portail en tiers-point à trois voussures du XIIIe siècle est orné de gorges et de tores. Celle du milieu est garnie de quatre personnages sous un dais foulant des animaux sous leurs pieds. Sur le claveau central de l’arc, Dieu présente l’hostie. Au dessus trois mordillons à portraits, une fenêtre tréflée et une inscription de 1881 décorent le pignon.</p>
<!-- /wp:paragraph -->

<!-- wp:paragraph -->
<p>Les murs latéraux, étayés de gros contreforts, sont terminés par une ligne de mordillons peu travaillés ; l’un d’eux porte la date de 1618. Des vestiges d’une petite porte renaissance se voient encore sur le mur sud. Sur le mur nord, une porte seigneuriale est ornée d’un gros cordon à feuilles de lierre.</p>
<!-- /wp:paragraph -->

<!-- wp:paragraph -->
<p>Le clocher carré aux angles abattus est renforcé sur chaque face par trois colonnes à chapiteaux encadrant deux fenêtres à un meneau. Une corniche à mordillons souligne un toit presque plat. Construit à la base du clocher, un caveau du XVIe siècle est orné de grands écussons à fort relief.</p>
<!-- /wp:paragraph -->

<!-- wp:paragraph -->
<p>L’intérieur est couvert d’une voûte en moellons sur croisée d’ogives. Les nervures reposent sur des groupes de fines colonnes à chapiteaux ornés de feuillages.</p>
<!-- /wp:paragraph -->

<!-- wp:paragraph -->
<p>Deux hautes baies en tiers-point donnent accès aux chapelles latérales éclairées par de fenêtres ogivales.</p>
<!-- /wp:paragraph -->

<!-- wp:paragraph -->
<p>Le cœur porte le clocher. Il a conservé ses colonnes et ses chapiteaux du XIIe siècle dont certains sont chargés de feuillages, d’étoiles et, sur le pilastre sud, on distingue un personnage dans la gueule d’un animal.</p>
<!-- /wp:paragraph -->
