{"id":5254,"date":"2022-04-07T22:40:42","date_gmt":"2022-04-07T20:40:42","guid":{"rendered":"https:\/\/catholiques17.fr\/archiac\/?page_id=5254"},"modified":"2023-01-02T11:02:23","modified_gmt":"2023-01-02T10:02:23","slug":"vivre-une-retraite","status":"publish","type":"page","link":"https:\/\/catholiques17.fr\/archiac\/grandir-dans-la-foi\/vivre-une-retraite\/","title":{"rendered":"Vivre une retraite"},"content":{"rendered":"<p>[et_pb_section fb_built=\u00a0\u00bb1&Prime; _builder_version=\u00a0\u00bb4.16&Prime; _module_preset=\u00a0\u00bbdefault\u00a0\u00bb custom_padding=\u00a0\u00bb3px|||||\u00a0\u00bb global_colors_info=\u00a0\u00bb{}\u00a0\u00bb theme_builder_area=\u00a0\u00bbet_body_layout\u00a0\u00bb][et_pb_row _builder_version=\u00a0\u00bb4.17.6&Prime; _module_preset=\u00a0\u00bbdefault\u00a0\u00bb global_colors_info=\u00a0\u00bb{}\u00a0\u00bb theme_builder_area=\u00a0\u00bbet_body_layout\u00a0\u00bb][et_pb_column type=\u00a0\u00bb4_4&Prime; _builder_version=\u00a0\u00bb4.17.6&Prime; _module_preset=\u00a0\u00bbdefault\u00a0\u00bb global_colors_info=\u00a0\u00bb{}\u00a0\u00bb theme_builder_area=\u00a0\u00bbet_body_layout\u00a0\u00bb][et_pb_image src=\u00a0\u00bbhttps:\/\/catholiques17.fr\/archiac\/wp-content\/uploads\/sites\/26\/2023\/01\/Retraite-spirituelle.jpg\u00a0\u00bb title_text=\u00a0\u00bbRetraite spirituelle\u00a0\u00bb align=\u00a0\u00bbcenter\u00a0\u00bb _builder_version=\u00a0\u00bb4.17.6&Prime; _module_preset=\u00a0\u00bbdefault\u00a0\u00bb hover_enabled=\u00a0\u00bb0&Prime; global_colors_info=\u00a0\u00bb{}\u00a0\u00bb theme_builder_area=\u00a0\u00bbet_body_layout\u00a0\u00bb border_radii=\u00a0\u00bbon|20px|20px|20px|20px\u00a0\u00bb sticky_enabled=\u00a0\u00bb0&Prime;][\/et_pb_image][\/et_pb_column][\/et_pb_row][et_pb_row _builder_version=\u00a0\u00bb4.17.6&Prime; _module_preset=\u00a0\u00bbdefault\u00a0\u00bb global_colors_info=\u00a0\u00bb{}\u00a0\u00bb theme_builder_area=\u00a0\u00bbet_body_layout\u00a0\u00bb][et_pb_column type=\u00a0\u00bb4_4&Prime; _builder_version=\u00a0\u00bb4.17.6&Prime; _module_preset=\u00a0\u00bbdefault\u00a0\u00bb global_colors_info=\u00a0\u00bb{}\u00a0\u00bb theme_builder_area=\u00a0\u00bbet_body_layout\u00a0\u00bb][et_pb_text _builder_version=\u00a0\u00bb4.17.6&Prime; _module_preset=\u00a0\u00bbdefault\u00a0\u00bb hover_enabled=\u00a0\u00bb0&Prime; global_colors_info=\u00a0\u00bb{}\u00a0\u00bb theme_builder_area=\u00a0\u00bbet_body_layout\u00a0\u00bb sticky_enabled=\u00a0\u00bb0&Prime;]<\/p>\n<p>Une retraite spirituelle est une <strong>halte pour le c\u0153ur et l\u2019esprit<\/strong>. C\u2019est un temps favorable pour :<\/p>\n<ul>\n<li><strong>se reposer<\/strong>, souffler, trouver du r\u00e9confort au c\u0153ur de nos vies bouscul\u00e9es,<\/li>\n<li><strong>rencontrer Dieu<\/strong> dans le silence, lire <strong>sa Parole, raviver sa foi,<\/strong><\/li>\n<li>r\u00e9fl\u00e9chir au sens de son existence, <strong>prendre du recul<\/strong> avant de faire des choix importants,<\/li>\n<li><strong>approfondir<\/strong> les grandes questions de la vie, mieux comprendre les fondements de la <strong>foi chr\u00e9tienne<\/strong>.<\/li>\n<\/ul>\n<p>[\/et_pb_text][\/et_pb_column][\/et_pb_row][et_pb_row _builder_version=\u00a0\u00bb4.17.6&Prime; _module_preset=\u00a0\u00bbdefault\u00a0\u00bb global_colors_info=\u00a0\u00bb{}\u00a0\u00bb theme_builder_area=\u00a0\u00bbet_body_layout\u00a0\u00bb][et_pb_column type=\u00a0\u00bb4_4&Prime; _builder_version=\u00a0\u00bb4.17.6&Prime; _module_preset=\u00a0\u00bbdefault\u00a0\u00bb global_colors_info=\u00a0\u00bb{}\u00a0\u00bb theme_builder_area=\u00a0\u00bbet_body_layout\u00a0\u00bb][et_pb_divider _builder_version=\u00a0\u00bb4.17.6&Prime; _module_preset=\u00a0\u00bbdefault\u00a0\u00bb global_colors_info=\u00a0\u00bb{}\u00a0\u00bb theme_builder_area=\u00a0\u00bbet_body_layout\u00a0\u00bb][\/et_pb_divider][\/et_pb_column][\/et_pb_row][et_pb_row _builder_version=\u00a0\u00bb4.17.6&Prime; _module_preset=\u00a0\u00bbdefault\u00a0\u00bb global_colors_info=\u00a0\u00bb{}\u00a0\u00bb theme_builder_area=\u00a0\u00bbet_body_layout\u00a0\u00bb][et_pb_column type=\u00a0\u00bb4_4&Prime; _builder_version=\u00a0\u00bb4.17.6&Prime; _module_preset=\u00a0\u00bbdefault\u00a0\u00bb global_colors_info=\u00a0\u00bb{}\u00a0\u00bb theme_builder_area=\u00a0\u00bbet_body_layout\u00a0\u00bb][et_pb_text _builder_version=\u00a0\u00bb4.17.6&Prime; _module_preset=\u00a0\u00bbdefault\u00a0\u00bb hover_enabled=\u00a0\u00bb0&Prime; global_colors_info=\u00a0\u00bb{}\u00a0\u00bb theme_builder_area=\u00a0\u00bbet_body_layout\u00a0\u00bb sticky_enabled=\u00a0\u00bb0&Prime;]<\/p>\n<p><span style=\"color: #ff6600;\"><strong>Vivre une retraite dans un monast\u00e8re :<\/strong><\/span><\/p>\n<p>S\u2019arr\u00eater au monast\u00e8re suppose une attitude d\u2019ouverture int\u00e9rieure. C\u2019est un temps de retraite en silence, selon le mode particulier d\u2019accueil et d\u2019h\u00e9bergement offerts par les communaut\u00e9s, pour des dur\u00e9es d\u2019un jour \u00e0 une semaine.<br \/>Les retraitants sont invit\u00e9s \u00e0 suivre les offices et un accompagnement spirituel est souvent possible.<br \/>Les h\u00f4telleries sont de tailles diverses. La plupart ont des installations simples mais de confort suffisant.<br \/>L\u2019h\u00e9bergement en h\u00f4tellerie monastique suppose une certaine participation aux t\u00e2ches domestiques (faire son lit, mettre la main \u00e0 la vaisselle) et une libre contribution aux frais sur l\u2019\u00e9valuation de laquelle chaque communaut\u00e9 donne une indication.<br \/>Le responsable charg\u00e9 des relations avec les h\u00f4tes est le fr\u00e8re h\u00f4telier ou la s\u0153ur h\u00f4teli\u00e8re.<\/p>\n<p>Pour vous aider dans votre d\u00e9marche, vous pouvez consulter <a href=\"https:\/\/www.fondationdesmonasteres.org\/index.php\/les-communautes\/carte-des-communautes\">la carte des Communaut\u00e9s.<\/a><\/p>\n<p>[\/et_pb_text][\/et_pb_column][\/et_pb_row][et_pb_row _builder_version=\u00a0\u00bb4.17.6&Prime; _module_preset=\u00a0\u00bbdefault\u00a0\u00bb global_colors_info=\u00a0\u00bb{}\u00a0\u00bb theme_builder_area=\u00a0\u00bbet_body_layout\u00a0\u00bb][et_pb_column type=\u00a0\u00bb4_4&Prime; _builder_version=\u00a0\u00bb4.17.6&Prime; _module_preset=\u00a0\u00bbdefault\u00a0\u00bb global_colors_info=\u00a0\u00bb{}\u00a0\u00bb theme_builder_area=\u00a0\u00bbet_body_layout\u00a0\u00bb][et_pb_text _builder_version=\u00a0\u00bb4.17.6&Prime; _module_preset=\u00a0\u00bbdefault\u00a0\u00bb hover_enabled=\u00a0\u00bb0&Prime; global_colors_info=\u00a0\u00bb{}\u00a0\u00bb theme_builder_area=\u00a0\u00bbet_body_layout\u00a0\u00bb sticky_enabled=\u00a0\u00bb0&Prime;]<\/p>\n<p><span style=\"color: #ff6600;\"><strong>Vivre une retraite \u00ab\u00a0en ligne\u00a0\u00bb :<\/strong><\/span><\/p>\n<p>Proposer une retraite en ligne, c\u2019est offrir <strong>une d\u00e9marche spirituelle \u00e0 tous<\/strong>, notamment \u00e0 des personnes qui ne peuvent pas faire des retraites au cours de l\u2019ann\u00e9e (temps, co\u00fbt, isolement, etc.).<\/p>\n<p><span style=\"text-decoration: underline;\">Renseignements<\/span> : <a href=\"https:\/\/prieenchemin.org\/retraites-en-ligne\/\" target=\"_blank\" rel=\"noopener\">ici<\/a><\/p>\n<p>&nbsp;<\/p>\n<p>[\/et_pb_text][\/et_pb_column][\/et_pb_row][\/et_pb_section]<\/p>\n","protected":false},"excerpt":{"rendered":"<p>Une retraite spirituelle est une halte pour le c\u0153ur et l\u2019esprit. C\u2019est un temps favorable pour : se reposer, souffler, trouver du r\u00e9confort au c\u0153ur de nos vies bouscul\u00e9es, rencontrer [&hellip;]<\/p>\n","protected":false},"author":4,"featured_media":0,"parent":5250,"menu_order":0,"comment_status":"closed","ping_status":"closed","template":"","meta":{"_et_pb_use_builder":"on","_et_pb_old_content":"","_et_gb_content_width":"","footnotes":""},"class_list":["post-5254","page","type-page","status-publish","hentry"],"_links":{"self":[{"href":"https:\/\/catholiques17.fr\/archiac\/wp-json\/wp\/v2\/pages\/5254","targetHints":{"allow":["GET"]}}],"collection":[{"href":"https:\/\/catholiques17.fr\/archiac\/wp-json\/wp\/v2\/pages"}],"about":[{"href":"https:\/\/catholiques17.fr\/archiac\/wp-json\/wp\/v2\/types\/page"}],"author":[{"embeddable":true,"href":"https:\/\/catholiques17.fr\/archiac\/wp-json\/wp\/v2\/users\/4"}],"replies":[{"embeddable":true,"href":"https:\/\/catholiques17.fr\/archiac\/wp-json\/wp\/v2\/comments?post=5254"}],"version-history":[{"count":2,"href":"https:\/\/catholiques17.fr\/archiac\/wp-json\/wp\/v2\/pages\/5254\/revisions"}],"predecessor-version":[{"id":6084,"href":"https:\/\/catholiques17.fr\/archiac\/wp-json\/wp\/v2\/pages\/5254\/revisions\/6084"}],"up":[{"embeddable":true,"href":"https:\/\/catholiques17.fr\/archiac\/wp-json\/wp\/v2\/pages\/5250"}],"wp:attachment":[{"href":"https:\/\/catholiques17.fr\/archiac\/wp-json\/wp\/v2\/media?parent=5254"}],"curies":[{"name":"wp","href":"https:\/\/api.w.org\/{rel}","templated":true}]}}

<p>[et_pb_section fb_built= »1&Prime; _builder_version= »4.16&Prime; _module_preset= »default » custom_padding= »3px||||| » global_colors_info= »{} » theme_builder_area= »et_body_layout »][et_pb_row _builder_version= »4.17.6&Prime; _module_preset= »default » global_colors_info= »{} » theme_builder_area= »et_body_layout »][et_pb_column type= »4_4&Prime; _builder_version= »4.17.6&Prime; _module_preset= »default » global_colors_info= »{} » theme_builder_area= »et_body_layout »][et_pb_image src= »https://catholiques17.fr/archiac/wp-content/uploads/sites/26/2023/01/Retraite-spirituelle.jpg » title_text= »Retraite spirituelle » align= »center » _builder_version= »4.17.6&Prime; _module_preset= »default » hover_enabled= »0&Prime; global_colors_info= »{} » theme_builder_area= »et_body_layout » border_radii= »on|20px|20px|20px|20px » sticky_enabled= »0&Prime;][/et_pb_image][/et_pb_column][/et_pb_row][et_pb_row _builder_version= »4.17.6&Prime; _module_preset= »default » global_colors_info= »{} » theme_builder_area= »et_body_layout »][et_pb_column type= »4_4&Prime; _builder_version= »4.17.6&Prime; _module_preset= »default » global_colors_info= »{} » theme_builder_area= »et_body_layout »][et_pb_text _builder_version= »4.17.6&Prime; _module_preset= »default » hover_enabled= »0&Prime; global_colors_info= »{} » theme_builder_area= »et_body_layout » sticky_enabled= »0&Prime;]</p>
<p>Une retraite spirituelle est une <strong>halte pour le cœur et l’esprit</strong>. C’est un temps favorable pour :</p>
<ul>
<li><strong>se reposer</strong>, souffler, trouver du réconfort au cœur de nos vies bousculées,</li>
<li><strong>rencontrer Dieu</strong> dans le silence, lire <strong>sa Parole, raviver sa foi,</strong></li>
<li>réfléchir au sens de son existence, <strong>prendre du recul</strong> avant de faire des choix importants,</li>
<li><strong>approfondir</strong> les grandes questions de la vie, mieux comprendre les fondements de la <strong>foi chrétienne</strong>.</li>
</ul>
<p>[/et_pb_text][/et_pb_column][/et_pb_row][et_pb_row _builder_version= »4.17.6&Prime; _module_preset= »default » global_colors_info= »{} » theme_builder_area= »et_body_layout »][et_pb_column type= »4_4&Prime; _builder_version= »4.17.6&Prime; _module_preset= »default » global_colors_info= »{} » theme_builder_area= »et_body_layout »][et_pb_divider _builder_version= »4.17.6&Prime; _module_preset= »default » global_colors_info= »{} » theme_builder_area= »et_body_layout »][/et_pb_divider][/et_pb_column][/et_pb_row][et_pb_row _builder_version= »4.17.6&Prime; _module_preset= »default » global_colors_info= »{} » theme_builder_area= »et_body_layout »][et_pb_column type= »4_4&Prime; _builder_version= »4.17.6&Prime; _module_preset= »default » global_colors_info= »{} » theme_builder_area= »et_body_layout »][et_pb_text _builder_version= »4.17.6&Prime; _module_preset= »default » hover_enabled= »0&Prime; global_colors_info= »{} » theme_builder_area= »et_body_layout » sticky_enabled= »0&Prime;]</p>
<p><span style="color: #ff6600;"><strong>Vivre une retraite dans un monastère :</strong></span></p>
<p>S’arrêter au monastère suppose une attitude d’ouverture intérieure. C’est un temps de retraite en silence, selon le mode particulier d’accueil et d’hébergement offerts par les communautés, pour des durées d’un jour à une semaine.<br />Les retraitants sont invités à suivre les offices et un accompagnement spirituel est souvent possible.<br />Les hôtelleries sont de tailles diverses. La plupart ont des installations simples mais de confort suffisant.<br />L’hébergement en hôtellerie monastique suppose une certaine participation aux tâches domestiques (faire son lit, mettre la main à la vaisselle) et une libre contribution aux frais sur l’évaluation de laquelle chaque communauté donne une indication.<br />Le responsable chargé des relations avec les hôtes est le frère hôtelier ou la sœur hôtelière.</p>
<p>Pour vous aider dans votre démarche, vous pouvez consulter <a href="https://www.fondationdesmonasteres.org/index.php/les-communautes/carte-des-communautes">la carte des Communautés.</a></p>
<p>[/et_pb_text][/et_pb_column][/et_pb_row][et_pb_row _builder_version= »4.17.6&Prime; _module_preset= »default » global_colors_info= »{} » theme_builder_area= »et_body_layout »][et_pb_column type= »4_4&Prime; _builder_version= »4.17.6&Prime; _module_preset= »default » global_colors_info= »{} » theme_builder_area= »et_body_layout »][et_pb_text _builder_version= »4.17.6&Prime; _module_preset= »default » hover_enabled= »0&Prime; global_colors_info= »{} » theme_builder_area= »et_body_layout » sticky_enabled= »0&Prime;]</p>
<p><span style="color: #ff6600;"><strong>Vivre une retraite « en ligne » :</strong></span></p>
<p>Proposer une retraite en ligne, c’est offrir <strong>une démarche spirituelle à tous</strong>, notamment à des personnes qui ne peuvent pas faire des retraites au cours de l’année (temps, coût, isolement, etc.).</p>
<p><span style="text-decoration: underline;">Renseignements</span> : <a href="https://prieenchemin.org/retraites-en-ligne/" target="_blank" rel="noopener">ici</a></p>
<p>&nbsp;</p>
<p>[/et_pb_text][/et_pb_column][/et_pb_row][/et_pb_section]</p>

<p>Une retraite spirituelle est une halte pour le cœur et l’esprit. C’est un temps favorable pour : se reposer, souffler, trouver du réconfort au cœur de nos vies bousculées, rencontrer [&hellip;]</p>
