{"id":5252,"date":"2022-04-07T22:40:21","date_gmt":"2022-04-07T20:40:21","guid":{"rendered":"https:\/\/catholiques17.fr\/archiac\/?page_id=5252"},"modified":"2024-02-12T15:36:43","modified_gmt":"2024-02-12T14:36:43","slug":"faire-un-pelerinage","status":"publish","type":"page","link":"https:\/\/catholiques17.fr\/archiac\/grandir-dans-la-foi\/faire-un-pelerinage\/","title":{"rendered":"Faire un p\u00e8lerinage"},"content":{"rendered":"<p>[et_pb_section fb_built=\u00a0\u00bb1&Prime; _builder_version=\u00a0\u00bb4.16&Prime; _module_preset=\u00a0\u00bbdefault\u00a0\u00bb custom_padding=\u00a0\u00bb3px|||||\u00a0\u00bb global_colors_info=\u00a0\u00bb{}\u00a0\u00bb theme_builder_area=\u00a0\u00bbpost_content\u00a0\u00bb][et_pb_row _builder_version=\u00a0\u00bb4.17.6&Prime; _module_preset=\u00a0\u00bbdefault\u00a0\u00bb global_colors_info=\u00a0\u00bb{}\u00a0\u00bb theme_builder_area=\u00a0\u00bbpost_content\u00a0\u00bb][et_pb_column type=\u00a0\u00bb4_4&Prime; _builder_version=\u00a0\u00bb4.17.6&Prime; _module_preset=\u00a0\u00bbdefault\u00a0\u00bb global_colors_info=\u00a0\u00bb{}\u00a0\u00bb theme_builder_area=\u00a0\u00bbpost_content\u00a0\u00bb][et_pb_image src=\u00a0\u00bbhttps:\/\/catholiques17.fr\/archiac\/wp-content\/uploads\/sites\/26\/2023\/01\/Page-pelerinages.jpg\u00a0\u00bb title_text=\u00a0\u00bbPage-pelerinages\u00a0\u00bb align=\u00a0\u00bbcenter\u00a0\u00bb _builder_version=\u00a0\u00bb4.17.6&Prime; _module_preset=\u00a0\u00bbdefault\u00a0\u00bb border_radii=\u00a0\u00bbon|20px|20px|20px|20px\u00a0\u00bb global_colors_info=\u00a0\u00bb{}\u00a0\u00bb theme_builder_area=\u00a0\u00bbpost_content\u00a0\u00bb][\/et_pb_image][\/et_pb_column][\/et_pb_row][et_pb_row _builder_version=\u00a0\u00bb4.17.6&Prime; _module_preset=\u00a0\u00bbdefault\u00a0\u00bb global_colors_info=\u00a0\u00bb{}\u00a0\u00bb theme_builder_area=\u00a0\u00bbpost_content\u00a0\u00bb][et_pb_column type=\u00a0\u00bb4_4&Prime; _builder_version=\u00a0\u00bb4.17.6&Prime; _module_preset=\u00a0\u00bbdefault\u00a0\u00bb global_colors_info=\u00a0\u00bb{}\u00a0\u00bb theme_builder_area=\u00a0\u00bbpost_content\u00a0\u00bb][et_pb_text _builder_version=\u00a0\u00bb4.17.6&Prime; _module_preset=\u00a0\u00bbdefault\u00a0\u00bb global_colors_info=\u00a0\u00bb{}\u00a0\u00bb theme_builder_area=\u00a0\u00bbpost_content\u00a0\u00bb]<\/p>\n<blockquote>\n<p style=\"text-align: left;\">Abraham est devenu le p\u00e8re des croyants parce qu\u2019il a r\u00e9pondu positivement \u00e0 la Parole de Dieu qui lui disait : \u201cQuitte ton pays, ta parent\u00e9 et la maison de ton p\u00e8re pour le pays que je t\u2019indiquerai\u201d. Partir, c\u2019est r\u00e9pondre \u00e0 un appel, faire confiance \u00e0 une parole entendue, faire cr\u00e9dit \u00e0 une promesse. Il en va ainsi pour tout p\u00e8lerin.<\/p>\n<p style=\"text-align: left;\">Partir n\u2019est pas fuir : par peur des responsabilit\u00e9s et pour leur \u00e9chapper. Partir, c\u2019est marquer une rupture : une rupture avec les habitudes qui enferment, une rupture qui donne du champ et du recul, une rupture qui traduit l\u2019envie de d\u00e9couvrir autre chose.<\/p>\n<p style=\"text-align: left;\">Partir, pour un chr\u00e9tien, c\u2019est r\u00e9pondre \u00e0 l\u2019invitation du Christ qui ne cesse de redire : \u201d Viens et suis moi\u201d. Partir en p\u00e8lerinage, c\u2019est se d\u00e9sinstaller et partir vers d\u2019autres lieux, vers d\u2019autres cieux, vers d\u2019autres gens : c\u2019est s\u2019ouvrir \u00e0 l\u2019inconnu et \u00e0 la nouveaut\u00e9.\u00a0\u00a0<em> D\u2019 apr\u00e8s P. Dubreil, sur le p\u00e8lerinage comme d\u00e9marche de Foi<\/em><\/p>\n<\/blockquote>\n<p>[\/et_pb_text][\/et_pb_column][\/et_pb_row][et_pb_row _builder_version=\u00a0\u00bb4.17.6&Prime; _module_preset=\u00a0\u00bbdefault\u00a0\u00bb global_colors_info=\u00a0\u00bb{}\u00a0\u00bb theme_builder_area=\u00a0\u00bbpost_content\u00a0\u00bb][et_pb_column type=\u00a0\u00bb4_4&Prime; _builder_version=\u00a0\u00bb4.17.6&Prime; _module_preset=\u00a0\u00bbdefault\u00a0\u00bb global_colors_info=\u00a0\u00bb{}\u00a0\u00bb theme_builder_area=\u00a0\u00bbpost_content\u00a0\u00bb][et_pb_divider _builder_version=\u00a0\u00bb4.17.6&Prime; _module_preset=\u00a0\u00bbdefault\u00a0\u00bb global_colors_info=\u00a0\u00bb{}\u00a0\u00bb theme_builder_area=\u00a0\u00bbpost_content\u00a0\u00bb][\/et_pb_divider][\/et_pb_column][\/et_pb_row][et_pb_row _builder_version=\u00a0\u00bb4.17.6&Prime; _module_preset=\u00a0\u00bbdefault\u00a0\u00bb global_colors_info=\u00a0\u00bb{}\u00a0\u00bb theme_builder_area=\u00a0\u00bbpost_content\u00a0\u00bb][et_pb_column type=\u00a0\u00bb4_4&Prime; _builder_version=\u00a0\u00bb4.17.6&Prime; _module_preset=\u00a0\u00bbdefault\u00a0\u00bb global_colors_info=\u00a0\u00bb{}\u00a0\u00bb theme_builder_area=\u00a0\u00bbpost_content\u00a0\u00bb][et_pb_text _builder_version=\u00a0\u00bb4.17.6&Prime; _module_preset=\u00a0\u00bbdefault\u00a0\u00bb global_colors_info=\u00a0\u00bb{}\u00a0\u00bb theme_builder_area=\u00a0\u00bbpost_content\u00a0\u00bb]<\/p>\n<p style=\"text-align: center;\"><span style=\"color: #ff6600;\"><strong>Le service dioc\u00e9sain des p\u00e8lerinages vous propose chaque ann\u00e9es plusieurs dates et lieux pourvivre cette d\u00e9marche<\/strong><\/span><\/p>\n<p>[\/et_pb_text][\/et_pb_column][\/et_pb_row][et_pb_row _builder_version=\u00a0\u00bb4.17.6&Prime; _module_preset=\u00a0\u00bbdefault\u00a0\u00bb global_colors_info=\u00a0\u00bb{}\u00a0\u00bb theme_builder_area=\u00a0\u00bbpost_content\u00a0\u00bb][et_pb_column type=\u00a0\u00bb4_4&Prime; _builder_version=\u00a0\u00bb4.17.6&Prime; _module_preset=\u00a0\u00bbdefault\u00a0\u00bb global_colors_info=\u00a0\u00bb{}\u00a0\u00bb theme_builder_area=\u00a0\u00bbpost_content\u00a0\u00bb][et_pb_image src=\u00a0\u00bbhttps:\/\/catholiques17.fr\/archiac\/wp-content\/uploads\/sites\/26\/2024\/02\/Pelerinages-2024.png\u00a0\u00bb title_text=\u00a0\u00bbPelerinages-2024&Prime; url=\u00a0\u00bbhttp:\/\/D\u2019apr\u00e8s%20P.%20Dubreil,%20sur%20le%20p\u00e8lerinage%20comme%20d\u00e9marche%20de%20Foi\u00a0\u00bb align=\u00a0\u00bbcenter\u00a0\u00bb _builder_version=\u00a0\u00bb4.21.0&Prime; _module_preset=\u00a0\u00bbdefault\u00a0\u00bb hover_enabled=\u00a0\u00bb0&Prime; border_radii=\u00a0\u00bbon|20px|20px|20px|20px\u00a0\u00bb global_colors_info=\u00a0\u00bb{}\u00a0\u00bb theme_builder_area=\u00a0\u00bbpost_content\u00a0\u00bb sticky_enabled=\u00a0\u00bb0&Prime;][\/et_pb_image][et_pb_button button_text=\u00a0\u00bbD\u00e9couvrir les programmes des p\u00e8lerinages 2024&Prime; _builder_version=\u00a0\u00bb4.21.0&Prime; _module_preset=\u00a0\u00bbdefault\u00a0\u00bb theme_builder_area=\u00a0\u00bbpost_content\u00a0\u00bb custom_button=\u00a0\u00bbon\u00a0\u00bb button_text_color=\u00a0\u00bb#FF8C00&Prime; button_border_radius=\u00a0\u00bb7px\u00a0\u00bb button_alignment=\u00a0\u00bbcenter\u00a0\u00bb button_url=\u00a0\u00bbhttps:\/\/catholiques17.fr\/diocese\/initiation-a-la-vie-chretienne\/service-des-pelerinages\/\u00a0\u00bb url_new_window=\u00a0\u00bbon\u00a0\u00bb button_icon=\u00a0\u00bb&#xe0f7;||divi||400&Prime; hover_enabled=\u00a0\u00bb0&Prime; sticky_enabled=\u00a0\u00bb0&Prime;][\/et_pb_button][\/et_pb_column][\/et_pb_row][\/et_pb_section]<\/p>\n","protected":false},"excerpt":{"rendered":"<p>Abraham est devenu le p\u00e8re des croyants parce qu\u2019il a r\u00e9pondu positivement \u00e0 la Parole de Dieu qui lui disait : \u201cQuitte ton pays, ta parent\u00e9 et la maison de [&hellip;]<\/p>\n","protected":false},"author":4,"featured_media":0,"parent":5250,"menu_order":0,"comment_status":"closed","ping_status":"closed","template":"","meta":{"_et_pb_use_builder":"on","_et_pb_old_content":"","_et_gb_content_width":"","footnotes":""},"class_list":["post-5252","page","type-page","status-publish","hentry"],"_links":{"self":[{"href":"https:\/\/catholiques17.fr\/archiac\/wp-json\/wp\/v2\/pages\/5252","targetHints":{"allow":["GET"]}}],"collection":[{"href":"https:\/\/catholiques17.fr\/archiac\/wp-json\/wp\/v2\/pages"}],"about":[{"href":"https:\/\/catholiques17.fr\/archiac\/wp-json\/wp\/v2\/types\/page"}],"author":[{"embeddable":true,"href":"https:\/\/catholiques17.fr\/archiac\/wp-json\/wp\/v2\/users\/4"}],"replies":[{"embeddable":true,"href":"https:\/\/catholiques17.fr\/archiac\/wp-json\/wp\/v2\/comments?post=5252"}],"version-history":[{"count":3,"href":"https:\/\/catholiques17.fr\/archiac\/wp-json\/wp\/v2\/pages\/5252\/revisions"}],"predecessor-version":[{"id":6986,"href":"https:\/\/catholiques17.fr\/archiac\/wp-json\/wp\/v2\/pages\/5252\/revisions\/6986"}],"up":[{"embeddable":true,"href":"https:\/\/catholiques17.fr\/archiac\/wp-json\/wp\/v2\/pages\/5250"}],"wp:attachment":[{"href":"https:\/\/catholiques17.fr\/archiac\/wp-json\/wp\/v2\/media?parent=5252"}],"curies":[{"name":"wp","href":"https:\/\/api.w.org\/{rel}","templated":true}]}}

Faire un pèlerinage

<p>[et_pb_section fb_built= »1&Prime; _builder_version= »4.16&Prime; _module_preset= »default » custom_padding= »3px||||| » global_colors_info= »{} » theme_builder_area= »post_content »][et_pb_row _builder_version= »4.17.6&Prime; _module_preset= »default » global_colors_info= »{} » theme_builder_area= »post_content »][et_pb_column type= »4_4&Prime; _builder_version= »4.17.6&Prime; _module_preset= »default » global_colors_info= »{} » theme_builder_area= »post_content »][et_pb_image src= »https://catholiques17.fr/archiac/wp-content/uploads/sites/26/2023/01/Page-pelerinages.jpg » title_text= »Page-pelerinages » align= »center » _builder_version= »4.17.6&Prime; _module_preset= »default » border_radii= »on|20px|20px|20px|20px » global_colors_info= »{} » theme_builder_area= »post_content »][/et_pb_image][/et_pb_column][/et_pb_row][et_pb_row _builder_version= »4.17.6&Prime; _module_preset= »default » global_colors_info= »{} » theme_builder_area= »post_content »][et_pb_column type= »4_4&Prime; _builder_version= »4.17.6&Prime; _module_preset= »default » global_colors_info= »{} » theme_builder_area= »post_content »][et_pb_text _builder_version= »4.17.6&Prime; _module_preset= »default » global_colors_info= »{} » theme_builder_area= »post_content »]</p>
<blockquote>
<p style="text-align: left;">Abraham est devenu le père des croyants parce qu’il a répondu positivement à la Parole de Dieu qui lui disait : “Quitte ton pays, ta parenté et la maison de ton père pour le pays que je t’indiquerai”. Partir, c’est répondre à un appel, faire confiance à une parole entendue, faire crédit à une promesse. Il en va ainsi pour tout pèlerin.</p>
<p style="text-align: left;">Partir n’est pas fuir : par peur des responsabilités et pour leur échapper. Partir, c’est marquer une rupture : une rupture avec les habitudes qui enferment, une rupture qui donne du champ et du recul, une rupture qui traduit l’envie de découvrir autre chose.</p>
<p style="text-align: left;">Partir, pour un chrétien, c’est répondre à l’invitation du Christ qui ne cesse de redire : ” Viens et suis moi”. Partir en pèlerinage, c’est se désinstaller et partir vers d’autres lieux, vers d’autres cieux, vers d’autres gens : c’est s’ouvrir à l’inconnu et à la nouveauté.  <em> D’ après P. Dubreil, sur le pèlerinage comme démarche de Foi</em></p>
</blockquote>
<p>[/et_pb_text][/et_pb_column][/et_pb_row][et_pb_row _builder_version= »4.17.6&Prime; _module_preset= »default » global_colors_info= »{} » theme_builder_area= »post_content »][et_pb_column type= »4_4&Prime; _builder_version= »4.17.6&Prime; _module_preset= »default » global_colors_info= »{} » theme_builder_area= »post_content »][et_pb_divider _builder_version= »4.17.6&Prime; _module_preset= »default » global_colors_info= »{} » theme_builder_area= »post_content »][/et_pb_divider][/et_pb_column][/et_pb_row][et_pb_row _builder_version= »4.17.6&Prime; _module_preset= »default » global_colors_info= »{} » theme_builder_area= »post_content »][et_pb_column type= »4_4&Prime; _builder_version= »4.17.6&Prime; _module_preset= »default » global_colors_info= »{} » theme_builder_area= »post_content »][et_pb_text _builder_version= »4.17.6&Prime; _module_preset= »default » global_colors_info= »{} » theme_builder_area= »post_content »]</p>
<p style="text-align: center;"><span style="color: #ff6600;"><strong>Le service diocésain des pèlerinages vous propose chaque années plusieurs dates et lieux pourvivre cette démarche</strong></span></p>
<p>[/et_pb_text][/et_pb_column][/et_pb_row][et_pb_row _builder_version= »4.17.6&Prime; _module_preset= »default » global_colors_info= »{} » theme_builder_area= »post_content »][et_pb_column type= »4_4&Prime; _builder_version= »4.17.6&Prime; _module_preset= »default » global_colors_info= »{} » theme_builder_area= »post_content »][et_pb_image src= »https://catholiques17.fr/archiac/wp-content/uploads/sites/26/2024/02/Pelerinages-2024.png » title_text= »Pelerinages-2024&Prime; url= »http://D’après%20P.%20Dubreil,%20sur%20le%20pèlerinage%20comme%20démarche%20de%20Foi » align= »center » _builder_version= »4.21.0&Prime; _module_preset= »default » hover_enabled= »0&Prime; border_radii= »on|20px|20px|20px|20px » global_colors_info= »{} » theme_builder_area= »post_content » sticky_enabled= »0&Prime;][/et_pb_image][et_pb_button button_text= »Découvrir les programmes des pèlerinages 2024&Prime; _builder_version= »4.21.0&Prime; _module_preset= »default » theme_builder_area= »post_content » custom_button= »on » button_text_color= »#FF8C00&Prime; button_border_radius= »7px » button_alignment= »center » button_url= »https://catholiques17.fr/diocese/initiation-a-la-vie-chretienne/service-des-pelerinages/ » url_new_window= »on » button_icon= »&#xe0f7;||divi||400&Prime; hover_enabled= »0&Prime; sticky_enabled= »0&Prime;][/et_pb_button][/et_pb_column][/et_pb_row][/et_pb_section]</p>

<p>Abraham est devenu le père des croyants parce qu’il a répondu positivement à la Parole de Dieu qui lui disait : “Quitte ton pays, ta parenté et la maison de [&hellip;]</p>
