{"id":5214,"date":"2022-04-07T20:02:43","date_gmt":"2022-04-07T18:02:43","guid":{"rendered":"https:\/\/catholiques17.fr\/archiac\/?page_id=5214"},"modified":"2025-10-08T18:20:11","modified_gmt":"2025-10-08T16:20:11","slug":"le-pretre","status":"publish","type":"page","link":"https:\/\/catholiques17.fr\/archiac\/la-paroisse\/le-pretre\/","title":{"rendered":"Le Pr\u00eatre"},"content":{"rendered":"\n[et_pb_section fb_built=\u00a0\u00bb1&Prime; _builder_version=\u00a0\u00bb4.16&Prime; _module_preset=\u00a0\u00bbdefault\u00a0\u00bb custom_padding=\u00a0\u00bb0px|||||\u00a0\u00bb global_colors_info=\u00a0\u00bb{}\u00a0\u00bb theme_builder_area=\u00a0\u00bbpost_content\u00a0\u00bb][et_pb_row column_structure=\u00a0\u00bb2_5,3_5&Prime; _builder_version=\u00a0\u00bb4.16&Prime; _module_preset=\u00a0\u00bbdefault\u00a0\u00bb global_colors_info=\u00a0\u00bb{}\u00a0\u00bb theme_builder_area=\u00a0\u00bbpost_content\u00a0\u00bb][et_pb_column type=\u00a0\u00bb2_5&Prime; _builder_version=\u00a0\u00bb4.16&Prime; _module_preset=\u00a0\u00bbdefault\u00a0\u00bb global_colors_info=\u00a0\u00bb{}\u00a0\u00bb theme_builder_area=\u00a0\u00bbpost_content\u00a0\u00bb][et_pb_image title_text=\u00a0\u00bbJean J\u00e9r\u00f4me\u00a0\u00bb align=\u00a0\u00bbcenter\u00a0\u00bb _builder_version=\u00a0\u00bb4.16&Prime; _module_preset=\u00a0\u00bbdefault\u00a0\u00bb global_colors_info=\u00a0\u00bb{}\u00a0\u00bb theme_builder_area=\u00a0\u00bbpost_content\u00a0\u00bb][\/et_pb_image][et_pb_image src=\u00a0\u00bbhttps:\/\/catholiques17.fr\/archiac\/wp-content\/uploads\/sites\/26\/2025\/10\/jr-manoune.jpg\u00a0\u00bb title_text=\u00a0\u00bbcolycamille-200&#215;300&Prime; align=\u00a0\u00bbcenter\u00a0\u00bb _builder_version=\u00a0\u00bb4.27.4&Prime; _module_preset=\u00a0\u00bbdefault\u00a0\u00bb global_colors_info=\u00a0\u00bb{}\u00a0\u00bb theme_builder_area=\u00a0\u00bbpost_content\u00a0\u00bb][\/et_pb_image][\/et_pb_column][et_pb_column type=\u00a0\u00bb3_5&Prime; _builder_version=\u00a0\u00bb4.16&Prime; _module_preset=\u00a0\u00bbdefault\u00a0\u00bb global_colors_info=\u00a0\u00bb{}\u00a0\u00bb theme_builder_area=\u00a0\u00bbpost_content\u00a0\u00bb][et_pb_text _builder_version=\u00a0\u00bb4.17.6&Prime; _module_preset=\u00a0\u00bbdefault\u00a0\u00bb custom_padding=\u00a0\u00bb28px||1px||false|false\u00a0\u00bb custom_padding_tablet=\u00a0\u00bb28px||1px||false|false\u00a0\u00bb custom_padding_phone=\u00a0\u00bb28px||1px||false|false\u00a0\u00bb custom_padding_last_edited=\u00a0\u00bbon|desktop\u00a0\u00bb global_colors_info=\u00a0\u00bb{}\u00a0\u00bb theme_builder_area=\u00a0\u00bbpost_content\u00a0\u00bb]<h4><span style=\"color: #ff8c00;font-size: large\"><strong>P\u00e8re Jean-Rony MANOUNE\u00a0 <\/strong>Arrive d\u2019Ha\u00efti du Dioc\u00e8se de J\u00e9r\u00e9mie. <\/span><\/h4>\n<h4><span style=\"color: #ff8c00;font-size: large\">Il est arriv\u00e9 \u00e0 Pons fin Juin 2024. Puis il a assur\u00e9 le service dans la Paroisse d\u2019Ol\u00e9ron pour la Pastorale d\u2019\u00e9t\u00e9. A la rentr\u00e9e 2024\u00a0il est devenu Vicaire de toute la Paroisse, surtout dans la partie nord d\u2019o\u00f9 il a assur\u00e9 le service dans les clochers de St Denis, Saint Georges et La Br\u00e9e.<\/span><\/h4>\n<h4><span style=\"color: #ff8c00;font-size: large\">Ce fut pour lui une tr\u00e8s belle exp\u00e9rience.<\/span><\/h4>\n<h4><span style=\"color: #ff8c00;font-size: large\">Il est dans le Dioc\u00e8se de Charente Maritime comme Pr\u00eatre \u2018Fidei Donum\u2019. Cela lui donne le m\u00eame statut que les Pr\u00eatres du Dioc\u00e8se. Il re\u00e7oit \u00e0 ce titre la mission de prendre la responsabilit\u00e9 de la Paroisse de la Petite Champagne.<\/span><\/h4>\n<h4><span style=\"color: #ff8c00;font-size: large\">Il est arriv\u00e9 le 29 septembre au soir \u00e0 Archiac pour commencer sa mission qui deviendra officielle le jour de son installation le 12 Octobre \u00e0 Arthenac, un des clochers de la Paroisse.<\/span><\/h4>\n<h4><span style=\"color: #ff8c00;font-size: large\">L\u2019objectif principal qu\u2019il se donne pour sa mission est d\u2019assurer l\u2019unit\u00e9 et la p\u00e9rennit\u00e9 de la Paroisse.<\/span><\/h4>\n<h4><span style=\"font-size: large\"><span style=\"color: #ff6600\">Il esp\u00e8re accueillir notre nouvel Ev\u00eaque \u00e0 Archiac sous peu.<\/span><span style=\"color: #ff6600\"><\/span><\/span><\/h4>\n<h4>\u00a0<\/h4>\n<p><span style=\"color: #ff6600\"><strong>\u00a0<\/strong><\/span><\/p>[\/et_pb_text][\/et_pb_column][\/et_pb_row][\/et_pb_section]\n","protected":false},"excerpt":{"rendered":"<p>P\u00e8re Jean-Rony MANOUNE\u00a0 Arrive d\u2019Ha\u00efti du Dioc\u00e8se de J\u00e9r\u00e9mie. Il est arriv\u00e9 \u00e0 Pons fin Juin 2024. Puis il a assur\u00e9 le service dans la Paroisse d\u2019Ol\u00e9ron pour la Pastorale [&hellip;]<\/p>\n","protected":false},"author":4,"featured_media":0,"parent":5224,"menu_order":0,"comment_status":"closed","ping_status":"closed","template":"","meta":{"_et_pb_use_builder":"on","_et_pb_old_content":"<!-- wp:divi\/placeholder \/-->","_et_gb_content_width":"","footnotes":""},"class_list":["post-5214","page","type-page","status-publish","hentry"],"_links":{"self":[{"href":"https:\/\/catholiques17.fr\/archiac\/wp-json\/wp\/v2\/pages\/5214","targetHints":{"allow":["GET"]}}],"collection":[{"href":"https:\/\/catholiques17.fr\/archiac\/wp-json\/wp\/v2\/pages"}],"about":[{"href":"https:\/\/catholiques17.fr\/archiac\/wp-json\/wp\/v2\/types\/page"}],"author":[{"embeddable":true,"href":"https:\/\/catholiques17.fr\/archiac\/wp-json\/wp\/v2\/users\/4"}],"replies":[{"embeddable":true,"href":"https:\/\/catholiques17.fr\/archiac\/wp-json\/wp\/v2\/comments?post=5214"}],"version-history":[{"count":16,"href":"https:\/\/catholiques17.fr\/archiac\/wp-json\/wp\/v2\/pages\/5214\/revisions"}],"predecessor-version":[{"id":8168,"href":"https:\/\/catholiques17.fr\/archiac\/wp-json\/wp\/v2\/pages\/5214\/revisions\/8168"}],"up":[{"embeddable":true,"href":"https:\/\/catholiques17.fr\/archiac\/wp-json\/wp\/v2\/pages\/5224"}],"wp:attachment":[{"href":"https:\/\/catholiques17.fr\/archiac\/wp-json\/wp\/v2\/media?parent=5214"}],"curies":[{"name":"wp","href":"https:\/\/api.w.org\/{rel}","templated":true}]}}